. Calculate d(4).
-3
Let h(j) = j**2 - 2*j - 1. Let a(s) = -s - 1. Let c(p) = -6*a(p) + h(p). Calculate c(-4).
5
Let d(u) = u**3 - 3*u**2. Let z(x) = -x + 10. Let q be z(7). Let h be d(q). Let v(s) = -5 + s + 3 + s**2 - 2*s**3 + s**3 + h*s**3. Give v(2).
-4
Let p(a) = -6*a**2 + 5. Let u(g) = 13*g**2 - 11. Let j(k) = -9*p(k) - 4*u(k). Let w = -4 - -2. Let r be w/(-5) - (-24)/(-10). Determine j(r).
7
Let w(o) = -o**2 + o + 5. Suppose 6*r - 4*r = 10. Give w(r).
-15
Let h(l) be the third derivative of l**5/60 - 5*l**4/24 - 2*l**3/3 - 6*l**2. Give h(6).
2
Let f(b) = -3*b + 12. Let c(m) = 2*m - 10. Let v(k) = -5*c(k) - 4*f(k). Calculate v(7).
16
Let b(a) = -2*a**2 + 12*a - 3. Let n(u) = u**2 - 6*u + 1. Let y(z) = -6*b(z) - 11*n(z). Suppose -5*i + 18 = -12. What is y(i)?
7
Let z(g) = 4*g + 3. Suppose o = 3*c + 5, -7 = 5*c - 0*c - o. Let y be c/(2/(-2))*-3. Give z(y).
-9
Suppose -x = -3*x + 4. Let z(o) = 5*o - 2 - 1 - 2 + o**x + 4. Calculate z(-6).
5
Let b(t) = 8*t + 5. Let x(u) = u. Let c(q) = b(q) - 5*x(q). Determine c(-8).
-19
Let a(x) = -x - 8. Let s(k) = 2*k + 16. Let r(o) = 5*a(o) + 2*s(o). Determine r(0).
-8
Let v(u) = u**3 + 5*u**2 + 2*u - 2. Suppose -12 = m + m. Let z be ((-4)/6)/(m/153). Suppose -3*g + 8*g + z = t, -5*t = -10. Calculate v(g).
10
Suppose -2*n - 2*n + 4 = 0. Let x(g) = 0*g + 2*g - 7*g. Give x(n).
-5
Suppose 0*c + 20 = 4*c. Let l(h) = h - 6. Let b(o) = o - 5. Let q(n) = c*l(n) - 6*b(n). Let m be 2 + (4/2)/(-2). Give q(m).
-1
Let i be (-1)/(8/10 + -1). Let y(r) be the third derivative of -r**6/120 + r**5/12 + r**4/24 - r**3/6 + 5*r**2. What is y(i)?
4
Let v(q) = -q**3 + 5*q**2 + 5*q - 1. Suppose -5*k - 14 = z, -2*k + 16 = 2*z - 3*k. What is v(z)?
-7
Let b(h) = 2*h**2 + 9*h + 3. Let q(t) = t**2 + 5*t + 1. Let w(g) = 3*b(g) - 5*q(g). Let n = -8 + 4. What is w(n)?
12
Let a be 36/6 + (0 - 0). Let z(q) = q**2 + a*q - 4 - 6 + 0. Calculate z(-7).
-3
Let z(r) = 3*r**3 + 4*r**2 + 1. Let f(i) = -4*i**3 - 3*i**2 - 1. Let h(v) = -4*f(v) - 3*z(v). What is h(1)?
8
Let d be (-1 + 0)*(-2)/1. Suppose d*y - 1 + 3 = 0. Let p be y*(-3 - -1)/1. Let n(t) = -4*t + 1. Give n(p).
-7
Let b(w) be the third derivative of -w**5/60 + w**4/8 + 7*w**3/6 - 5*w**2. Calculate b(6).
-11
Let j(v) = 3*v**3 + 3*v**2 + 3*v. Let i(s) = 4*s**3 + 2*s**2 + 4*s. Let q(p) = -2*i(p) + 3*j(p). What is q(-5)?
-5
Let x(g) = g + 2. Let r = -35 + 33. Determine x(r).
0
Let y(j) = 6*j + 5 - 3*j - 8*j + j**2. What is y(4)?
1
Let g(f) be the second derivative of f**5/60 - 5*f**4/24 + 5*f**3/6 + 4*f. Let u(o) be the second derivative of g(o). Calculate u(5).
5
Suppose 2*p + 2 = -3*h + 7*h, h + 4 = 5*p. Let z(f) = -1 + 5*f - 16*f + 4*f. Determine z(h).
-8
Let b(f) be the first derivative of -f**2 + 4. Suppose 2*w + 3 = 3*w. Suppose -w*h - 3 = -2*h. Calculate b(h).
6
Suppose 0 = 4*l - 0*l. Suppose -y + 12 = 2*y - 2*h, 2*h + 8 = y. Suppose 0 = y*k - u - l*u + 6, -5*k + u = 15. Let p(m) = m**2 + 5*m - 1. Give p(k).
-7
Let d(u) = -u**2 + u - 5. Suppose 0*i = i. Determine d(i).
-5
Let k(y) be the second derivative of -y**5/20 - y**4/6 + 2*y**3/3 + 3*y**2/2 + 2*y. Suppose f - g - 2 = -0*f, 12 = -4*f - g. Calculate k(f).
-5
Let g(n) = 14*n + 9. Let f(j) = -12*j - 7. Let h(l) = -6*f(l) - 5*g(l). Let s = -4 - -8. Calculate h(s).
5
Let w(u) be the first derivative of u**4/4 - 5*u**3/3 + 3*u**2/2 - 6*u + 20. What is w(5)?
9
Let b(v) be the second derivative of 5*v**3/6 - v**2/2 - 23*v. Give b(1).
4
Let d(j) = 4*j + 22. Let p(l) = l + 4. Let s be p(3). Let z(x) = -x - 7. Let o(v) = s*z(v) + 2*d(v). Give o(5).
0
Let z(l) = -39 + 2*l + 5*l + 46 + l**2. Let i = -18 + 11. Give z(i).
7
Let m = -7 + 3. Suppose 0 = 4*t - 4, v - 3*t + 1 = 0. Let h = m + v. Let d(a) = -a**3 - 2*a**2 + 2*a + 3. Determine d(h).
-1
Let z(w) = 7*w**2 + 1. Let p(q) = 4*q**2 - q - 1. Let t be p(-1). Let x be t/6*(-18)/(-12). Determine z(x).
8
Let u = 1 + 3. Let i be ((-6)/u)/((-9)/(-12)). Let d(f) be the first derivative of f**2 - 2*f + 3. Calculate d(i).
-6
Let u(n) = 2*n - 3. Suppose -4*r - 5*h + 13 = 0, -4*h + 5*h - 3 = -r. Give u(r).
1
Let t = -16 + 19. Let j(y) be the first derivative of 3 - 1/3*y**t + 1/2*y**2 + 4*y. What is j(0)?
4
Let y(m) = m - 8. Let k be y(0). Let z(q) = q**3 + 8*q**2 + 1. Give z(k).
1
Let i(l) = -21*l**2 + 5*l + 4. Let c(o) = -21*o**2 + 4*o + 3. Let r(a) = -4*c(a) + 3*i(a). Calculate r(1).
20
Let o be 3/(-2)*(3 + -5 - -6). Let b(p) = -p**3 - 6*p**2 + p + 4. Calculate b(o).
-2
Let j(n) = -3*n + 3. Let t(o) = 7*o - 7. Let k(i) = -9*j(i) - 4*t(i). Let r = -75 + 74. Give k(r).
2
Let u = 12 - 7. Suppose 2*j - 2 = -2*x, 3*x = -u*j + 15 - 4. Let z(p) = -7*p**2 - 10*p. Let w(c) = c**2 + c. Let v(i) = -6*w(i) - z(i). What is v(x)?
-3
Let r(j) = -j**2 + 3*j - 3. Suppose 5*v - 20 = x, -3*v + 1 = 2*x - 11. Let u = v - 2. Calculate r(u).
-1
Let n(p) be the second derivative of p**5/20 + p**4/4 + p**3/6 + 2*p**2 - 4*p. Give n(-4).
-16
Suppose 3*c - 8*c + 10 = 0. Let p(k) = k**3 + 2*k**2 - 2*k - 2. What is p(c)?
10
Let t(p) = p**3 - 4*p**2 + 3*p + 2. Let n(v) = -v**2 + 6*v - 5. Let z be n(4). Suppose 0 = -c - b + 5 + z, -b = -c. What is t(c)?
14
Let i(f) = f + 3. Let x be (0 - (-3)/(-9))*-6. Suppose -12 = x*y + 2*q, 0 = -y + 5*q - 4*q. Calculate i(y).
0
Let q(g) be the third derivative of -g**4/24 + g**3/6 + g**2. Give q(-5).
6
Let c be 48/(-12)*2/(-4). Let h(l) = -2*l**2 - 4*l + 3. Determine h(c).
-13
Let t(z) = z**2 + 5*z + 3. Let a = -2 + 2. Let y = 0 + a. Suppose 4*p + d + 16 = y, 0 = -4*p - 2*d - d - 16. Determine t(p).
-1
Let o(h) = h**3 + 5*h**2 - 6*h - 6. Suppose 0 = -4*l + 6 - 30. Give o(l).
-6
Let r be (48/(-56))/((-16)/(-14) - 1). Let x(k) = -2*k - 6. What is x(r)?
6
Let f(d) = -d - 5. Let j be f(0). Let q(r) = -r**2 - 2*r + 7. Determine q(j).
-8
Let g = 5 - 7. Let j be -4 + 2 + 7 - g. Suppose 0 = 4*z - j*z - 12. Let c(r) = -r**2 - 5*r - 4. Determine c(z).
0
Suppose -2*k + 5*r = 1, -2*k + 1 = -k - 2*r. Let z(c) = -6 + c**2 - 1 - 3*c**2 + c**2 + k*c. Calculate z(5).
3
Suppose -2*f + 5*f = 9. Let b = 4 - f. Let u(g) be the third derivative of -g**4/6 + g**3/6 + g**2. Give u(b).
-3
Let s(i) = i - 6. Let q be s(7). Let a(x) = -x - 4*x - 2*x + 3*x + x**2 - q. Calculate a(5).
4
Let f(g) be the second derivative of g**3/6 - 3*g**2 - 8*g. Determine f(5).
-1
Let t be 4/(-8)*34*-1. Suppose -5*h - 25 = -5*j, j - 4*j + t = -5*h. Let x(r) = -r**2 + 5*r + 3. Give x(j).
7
Let d(a) = -a + 1. Let f = 3 - -2. Suppose -f = -5*m + 4*m. Suppose g + m = 4. Determine d(g).
2
Let c(z) = -13*z - 24. Let k(p) = 3*p + 6. Let g(q) = -2*c(q) - 9*k(q). Give g(9).
-15
Let y(k) be the third derivative of k**5/120 + k**4/8 + k**3/6 - 3*k**2. Let v(p) be the first derivative of y(p). Calculate v(-4).
-1
Let y = 23 - 13. Suppose y = -2*z + 20. Let o(x) = x**2 - 5*x - 6. What is o(z)?
-6
Let c(j) be the second derivative of 1/4*j**4 + 3/2*j**2 + 1/20*j**5 + 0 + 1/3*j**3 - j. Calculate c(-3).
-3
Let g be (-7)/(-8) + 15/120. Let v(d) = 3*d**3 + d**3 + 2 - 1 - 2*d. Calculate v(g).
3
Let m = -6 + 10. Suppose q = m*q - 3. Let d(h) = -h**3 - h + 1. Let c(b) = -b**3 + 3*b - 4. Let k(p) = -c(p) - 5*d(p). Give k(q).
7
Let u(y) = 7*y + 3. Let s be ((-3)/6)/((-3)/12). Let j = s - 4. What is u(j)?
-11
Let n(r) = r - 2. Let v be n(6). Let c(x) = 10 + 3 + 0*x - 2*x - v. Determine c(6).
-3
Let p(s) = -s - 9. Let o be p(-7). Let c(h) = -2 + 2*h**2 - 1 - 2*h + 2*h**3 + 1. Determine c(o).
-6
Let p(v) be the first derivative of v**4/4 + 4*v**3/3 + v**2/2 + 5*v - 35. Give p(-4).
1
Let t(c) = 2*c - 3. Let s(b) = b**2 - 4*b. Let q be s(5). Give t(q).
7
Suppose 14 = 5*g + 4. Let s(x) = 3 + 0*x**2 + 17*x + x**g - 23*x. Give s(4).
-5
Let z = -77 + 74. Let u(k) = -3*k**2 + k**2 - k + k**2. Give u(z).
-6
Let z(k) = -k**2 - 5*k + 3. Let u be 6/(-18) + 16/(-6). What is z(u)?
9
Let c(w) = 3 - w - 5*w + 4*w. Suppose -3*i - 2 + 11 = 0. Suppose 19 = 2*z + i*d + 3, 22 = 4*z + d. Determine c(z).
-7
Let u(d) = 8*d**3 - d**2. Let a(r) = -r**3 + 12*r**2 - 11*r + 1. Suppose -30 = -5*l - 5*z, l + 5*z + 6 + 8 = 0. Let b be a(l). Calculate u(b).
7
Let d(q) = -q - 2. Suppose 5*v - 3 = -18. Give d(v).
1
Let s(i) be the third derivative of -i**6/120 + 2*i**5/15 + 10*i**2. Determine s(8).
0
Let v(o) = -3*o**3 + o + 1. Let q be v(-1). Suppose -4*r = -2*u + 20, -2*r = q*u - 0 + 2. 